{"id":13,"date":"2024-10-14T22:34:15","date_gmt":"2024-10-14T22:34:15","guid":{"rendered":"https:\/\/elencuentrosv.com\/lalibertad\/?page_id=13"},"modified":"2026-02-17T22:15:42","modified_gmt":"2026-02-17T22:15:42","slug":"homepage","status":"publish","type":"page","link":"https:\/\/elencuentrosv.com\/lalibertad\/","title":{"rendered":"El Encuentro Surf City La Libertad"},"content":{"rendered":"\n<h1 class=\"wp-block-heading\">El Encuentro La Libertad Surf City<\/h1>\n\n\n\n<p>La Plaza Comercial El Encuentro La Libertad nace en una de las zonas m\u00e1s din\u00e1micas y con mayor proyecci\u00f3n tur\u00edstica y comercial del pa\u00eds. Aqu\u00ed, la comodidad de un centro comercial se fusiona con el estilo de vida de la costa. La Plaza Comercial El Encuentro La Libertad es ese punto de equilibrio donde comprar, comer, descansar o resolver pendientes es posible en un solo lugar, con la ventaja de estar rodeado de un entorno natural propio de El Salvador.<\/p>\n","protected":false},"excerpt":{"rendered":"<p>El Encuentro La Libertad Surf City La Plaza Comercial El Encuentro La Libertad nace en una de las zonas m\u00e1s din\u00e1micas y con mayor proyecci\u00f3n tur\u00edstica y comercial del pa\u00eds. Aqu\u00ed, la comodidad de un centro comercial se fusiona con el estilo de vida de la costa. La Plaza Comercial El Encuentro La Libertad es [&hellip;]<\/p>\n","protected":false},"author":1,"featured_media":242,"parent":0,"menu_order":0,"comment_status":"closed","ping_status":"closed","template":"templates\/homepage.php","meta":{"_acf_changed":false,"_seopress_robots_primary_cat":"","_seopress_titles_title":"El Encuentro Surf City La Libertad","_seopress_titles_desc":"La Plaza Comercial El Encuentro La Libertad nace en una de las zonas m\u00e1s din\u00e1micas y con mayor proyecci\u00f3n tur\u00edstica y comercial del pa\u00eds.","_seopress_robots_index":"","footnotes":""},"class_list":["post-13","page","type-page","status-publish","has-post-thumbnail","hentry"],"acf":[],"_links":{"self":[{"href":"https:\/\/elencuentrosv.com\/lalibertad\/wp-json\/wp\/v2\/pages\/13","targetHints":{"allow":["GET"]}}],"collection":[{"href":"https:\/\/elencuentrosv.com\/lalibertad\/wp-json\/wp\/v2\/pages"}],"about":[{"href":"https:\/\/elencuentrosv.com\/lalibertad\/wp-json\/wp\/v2\/types\/page"}],"author":[{"embeddable":true,"href":"https:\/\/elencuentrosv.com\/lalibertad\/wp-json\/wp\/v2\/users\/1"}],"replies":[{"embeddable":true,"href":"https:\/\/elencuentrosv.com\/lalibertad\/wp-json\/wp\/v2\/comments?post=13"}],"version-history":[{"count":26,"href":"https:\/\/elencuentrosv.com\/lalibertad\/wp-json\/wp\/v2\/pages\/13\/revisions"}],"predecessor-version":[{"id":356,"href":"https:\/\/elencuentrosv.com\/lalibertad\/wp-json\/wp\/v2\/pages\/13\/revisions\/356"}],"wp:featuredmedia":[{"embeddable":true,"href":"https:\/\/elencuentrosv.com\/lalibertad\/wp-json\/wp\/v2\/media\/242"}],"wp:attachment":[{"href":"https:\/\/elencuentrosv.com\/lalibertad\/wp-json\/wp\/v2\/media?parent=13"}],"curies":[{"name":"wp","href":"https:\/\/api.w.org\/{rel}","templated":true}]}}